
What is the value of 7 + (5 - 11) + (-5 - 4 - -11)?
3
25 + -2 - (25 + (14 + -19 - 12))
15
Calculate -38 + 36 - (-3 - -1 - -4).
-4
Evaluate 8 + (-2 - (4 - 11)) + -14 - -8.
7
What is 42 + (6 - ((11 - -10 - 8) + 3))?
32
What is -9 - -11 - (36 + -23)?
-11
Calculate -3 + (-19 - (-17 + -28)).
23
What is the value of 16 - 28 - -18 - (42 + -10)?
-26
What is -36 - 0 - ((-61 - -35) + (4 - -16))?
-30
8 + 1 + -1 - (61 - 27 - 38)
12
Evaluate -2 + (-14 - -9) - (-1 + -5).
-1
-2 - -7 - (-3 + (5 - 1) - 6)
10
Evaluate -5 - 1 - (1 - (-9 - 2 - -10)).
-8
What is (-9 - (-10 + -5)) + -21?
-15
What is the value of -3 - -32 - (75 + -78)?
32
(-1 - 3 - (-111 - -117)) + -2 + 14
2
Evaluate 17 - (7 + -9 - -31).
-12
Evaluate (-8 - -17) + 28 + -15.
22
15 + -2 + -5 + 1 + -2 + 9
16
What is 6 + 10 + -21 + (0 - -23 - 1)?
17
What is the value of 2 + 21 + (-261 - -252)?
14
7 + -5 + -5 + -18 - (-92 + 96)
-25
Calculate (25 - 17) + -34 + 20.
-6
Calculate (42 - (11 + -14)) + -22.
23
What is (2 - 3) + -2 - (4 + -2)?
-5
5 - ((11 - -3) + -5 + -2 + -1)
-1
Calculate -27 - (3 + -4 - (-13 - (14 - 23))).
-30
Calculate (-2 - 7) + (0 - -1) + -251 + 264.
5
What is (-22 - -11) + 9 - -14?
12
What is the value of -5 - (9 - (-25 - -12 - -25))?
-2
What is the value of -7 + (-6 - 5 - -16)?
-2
What is -2 + -5 - (9 + 6 - (7 + 13))?
-2
What is the value of -136 + 148 + 2 + -17?
-3
What is the value of 3 - 0 - (18 - (14 + -8))?
-9
What is 13 + -1 + 241 + -251?
2
What is (1 - -22) + (-34 - -113) + -88?
14
What is the value of 34 + -15 + 12 + (3 - (4 - -4))?
26
What is the value of 1 - (-6 + (-15 - -17))?
5
-20 + 1 - (-26 + 19 + -17 + 14)
-9
Calculate -15 - 1 - (-46 + 16).
14
Evaluate 0 + -14 - (-9 + 16 + -11).
-10
What is the value of (-2 - (-24 - -12)) + -8 + 8?
10
What is the value of 4 + (39 - 32) - 4?
7
What is -3 - (18 + -1 - (240 - 234))?
-14
What is -6 + (-10 - (10 - 19)) + 6?
-1
(-35 - (22 + -57)) + -34
-34
What is the value of 8 - (-2 + -15 - -28)?
-3
What is 0 + -2 + (-186 - -165)?
-23
-28 + 37 - 10 - -9
8
Calculate -15 - (9 - 32 - -1).
7
What is 1 + -55 + 20 + 28?
-6
What is the value of -13 + 23 - (-2 - -10)?
2
1 - 4 - (-8 + (21 - -1) - 6)
-11
Calculate (0 + -6 - 6) + -10 + 15.
-7
Evaluate -1 + (4 + (2 - 5) - 3 - -2).
-1
What is (-15 - (-31 + 15) - -9) + 4 + -13?
1
(17 + -19 - -4) + -10
-8
What is -21 + (-9 - -8) + 12 + -2?
-12
Evaluate 4 + -10 + -2 + -4 + (1 - -5).
-6
What is 12 + -12 + 8 + -8?
0
Calculate 7 - -2 - (-113 - -118).
4
-28 + (60 - 13 - 25)
-6
Calculate (-6 - -3) + (-8 - -20).
9
What is 1 + -4 + 1 + 0 - (-181 - -178)?
1
Calculate 4 + (-14 - -16) + 2 - (12 + 0).
-4
Calculate 10 - -28 - (-5 - (-11 + -9)).
23
Calculate 7 - (0 - (-5 + 11)).
13
1 + (-14 - (-14 + 24)) + -1
-24
Evaluate 27 + -13 + -1 + 4.
17
(-46 - -31) + (-4 - -5) + 7
-7
Evaluate (80 - 42) + -29 + 2 + -7.
4
What is the value of 21 + (78 + -85 - (3 + 0))?
11
What is the value of -19 - 6 - (-5 + 9 + (-14 - -2))?
-17
Evaluate 5 + 0 - (0 + -18 - (51 - 63)).
11
What is the value of -9 - (-22 + 4) - 8 - 11 - 1?
-11
Evaluate -4 + 1 + 177 + -188.
-14
Calculate 13 - (2 + 3 + 11).
-3
What is the value of -2 + 13 - 5 - (-14 + 19)?
1
What is -4 + -16 + 16 + (0 - (1 + -5))?
0
What is 26 + -12 + (10 - 3)?
21
What is (33 - 25) + -51 + 38?
-5
What is the value of -111 + 137 - (-1 + -2)?
29
Calculate 3 + -11 + 3 + (-13 - -10) - -5.
-3
(-22 - -1) + 0 + 4273 + -4263
-11
Calculate 9 + -7 + 2 + 1 + 1 + 7.
13
Evaluate 1 + -2 + -1 - (-4 + (12 - 6)).
-4
What is the value of 1 + 5 - (18 + -11 + -6)?
5
Calculate 536 + -519 - (-2 + 22).
-3
What is the value of -5 - (4 - 15) - -2?
8
Evaluate (10 - 2) + -22 + 43 + -23 + 8.
14
Calculate 17 + (2 - -8) + -31 - -8.
4
Evaluate -5 + -4 + 5 - (-9 - (-20 - -8)).
-7
What is the value of (4 - -20 - 13) + (-10 - -9)?
10
(31 + -2 - 14) + (9 - 10)
14
What is the value of -6 + (6 - (-14 - (12 - 38)))?
-12
-2 + -9 + (6 - 2) + -3
-10
4 + -2 + -1 - -27 - -7
35
What is the value of (9 + -13 - 13) + 14?
-3
What is the value of -5 - ((-50 - -14) + 26)?
5
Calculate (-8 - 10) + -9 + 26.
-1
What is the value of -10 - (2 - (-2 + 2 - (8 - 8)))?
-12
What is 9 + 17 + -29 + -14?
-17
What is -153 - -135 - (-41 - 0)?
23
What is 9 + (-7 - 5 - -24)?
21
What is the value of (34 - 37) + 27 - 25?
-1
What is the value of (-41 - -66) + -1 + -22?
2
Calculate -590 + 583 - (0 + (0 - -4 - 1)).
-10
Evaluate -10 - 0 - (-169 - -160).
-1
What is the value of (0 - 4) + 22 + (13 - 38)?
-7
What is the value of 9 + -2 + -1 + -325 + 327?
8
What is the value of -6 + (-1 - -4) + 9 + -27 + 12?
-9
What is the value of 3 + -2 + -3 - 2 - (18 + -13)?
-9
11 + -5 + -9 - 4
-7
What is (23 - 8) + -12 + 4?
7
(6 - 4) + -10 + (0 + -1 - -26)
17
Calculate (0 - 1) + (-9 - (-9 + 5 + 4)).
-10
Evaluate (-11 - -17) + -20 + 30.
16
Calculate (-1 - (-13 - -3)) + (-8 - 1).
0
What is the value of 7 + -2 + (-4 + 0 + 2 - 10)?
-7
What is -12 - 0 - -7 - (-5 - 1)?
1
Evaluate -1 + 3 + (7 - 17 - -20 - -5).
17
Calculate 8 + 42 + -24 + -25.
1
-6 - (-7 + -31 + 13 + 12)
7
What is -20 - (-29 + 45 + -61)?
25
(-27 - (-2 - -5)) + 49
19
What is (-52 - (-31 + -2)) + 23?
4
Evaluate -3 - (11 - 6) - (2 + -26).
16
What is the value of 4 + 7 + (-4 - (0 - 1))?
8
Evaluate (19 - 10) + -10 + -2.
-3
Calculate (-9 - (20 + -20)) + 17.
8
Calculate (4 - 16) + -13 + 15 + (-2 - 0).
-12
3 + (-7 - (13 + -19) - 7)
-5
What is the value of (-14 + 10 - (-1 + -9)) + -1 + -17?
-12
What is the value of 20 + 1 + -213 + 221?
29
What is the value of 30 + (-20 - 0) + -4?
6
What is -1 + -9 - 17 - -3?
-24
What is the value of 14 + -2 + 11 + -3 + -11?
9
What is (-27 - (-11 - -26 - 19)) + 0 + 0?
-23
-4 + 20 + (38 - 61)
-7
Calculate -12 + -1 + -17 + 24 + -2.
-8
Calculate -14 - -7 - -2 - (-1 + -10).
6
Calculate (2 - 25) + -1 + -1 + (24 - 11).
-12
Evaluate -14 + -7 + 37 - 20.
-4
What is the value of -71 + (22 - -26) + -16?
-39
Evaluate -22 + 37 - (2 - -1).
12
What is -1 - (5 + -4 + 0 - 8) - -13?
19
What is the value of -15 + 48 + -17 + -13 - (1 + -10)?
12
What is -12 - 10 - -11 - (5 + (3 - 1))?
-18
What is the value of 0 - (2 + 4 + 1 + -4 - 7)?
4
What is the value of 3 + -9 - -4 - 20 - (-12 - -5)?
-15
What is -1 + 1 - ((-4 - -18) + 1 - 1)?
-14
What is the value of -12 + (1 + 28 - (229 - 217))?
5
What is -43 + (-14 - -49) - (1 - -2)?
-11
Evaluate (40 - 12) + (-7 - 11).
10
Calculate -1 + 2 - (-78 + 90).
-11
Evaluate 13 - 4 - (-10 + 40 + -14).
-7
Calculate 20 - 53 - (3 - 21).
-15
What is the value of -6 + -12 + 49 + -54?
-23
What is the value of -3 - (4 - (4 + -8 - -8))?
-3
Evaluate 8 + -2 - (-1 - -2).
5
Evaluate (13 - -2 - 13) + -13.
-11
What is (-35 - -33) + -1 + -3 + -46 + 30?
-22
Calculate -8 + 18 + (3 - 2 - 10) - 5.
-4
Evaluate 5 + ((-5 - 1) + (-62 - -48) - -2).
-13
Evaluate (-4 - -16) + (-16 - (6 - 11)).
1
Calculate 40 + -7 + -31 + 7.
9
What is 10 + -8 + -20 + (-8 - (5 - 23))?
-8
What is 9 - (-25 - -31 - (-1 + -5))?
-3
(-8 - 2) + (-2 - (-13 + 5)) - 2
-6
21 + (-12 + -10 + 10 - -1)
10
What is 15 + 13 + -69 + 73?
32
Evaluate -22 - -1 - ((-568 - -569) + 7 + 0).
-29
Calculate 3 - (-10 - -3) - (-4 + 13 - 9).
10
Evaluate 5 + (7 - (-12 - (-16 + -36))).
-28
What is the value of (-29 + 20 - 19) + 18?
-10
-1 + -5 + 12 + 3 + -13
-4
What is (-926 - -941) + (-1 - (0 + 0) - 2)?
12
What is -11 - 0 - (31 - (24 + 3))?
-15
What is the value of -17 + 4 + -15 + 23 - -11?
6
What is the value of 16 + (-17 - (-3 + 1)) + 34?
35
(26 - (-5 - -13)) + -15
3
-18 + 9 + 4 + 8 + -6
-3
Calculate 2 + 17 + -19 + 18.
18
(-13 - (-14 - -11)) + (-12 - -4)
-18
What is the value of 1 + -12 + -27 - -19?
-19
What is the value of 19 - 20 - -15 - 3?
11
What is 38 + -7 + -3 + -56?
-28
What is -3 + 20 - (9 - 3)?
11
Evaluate (-11 - -35) + -50 + 31.
5
-10 + (-1 - -11) - 1
-1
Calculate (-23 - (3 + 3)) + -6 - -6.
-29
What is the value of -2 + -14 + 36 + -21?
-1
-9 - -12 - 23 - (-6 + 7)
-21
Calculate -1 + 1 + 1 + (45 + -20 - 24).
2
Calculate (-19 - -1 - 0) + -52 + 51.
-19
(-5 + 15 + -7 - 4) + (3 - -3)
5
What is the value of (0 - -1) + -1 - (-1878 + 1875)?
3
Calculate -14 - -34 - 17 - (4 - 2 - -2).
-1
19 + -12 + 18 + -56
-31
Evaluate 1 + -1 + 9 + -12.
-3
Evaluate -3 + (0 - ((-1 - 6) + 7 + 3)).
-6
What is -5 + (-6 - (-17 - -4)) + (1 - 1)?
2
What is the value of 6 + -27 + 17 - (-3 + 12)?
-13
What is the value of 9 - (-10 + 14 + -13) - -6?
24
(-6 - -17) + (-17 - -14)
8
What